divisor of c and w?
1
Let h = 157 - 139. What is the greatest common divisor of 432 and h?
18
Let w = -36 + 51. Calculate the greatest common divisor of w and 240.
15
Let y be (8/(-5))/(2/(-6 - 14)). Let k be ((-29)/(-4) + -5)*1*y. Calculate the highest common factor of 9 and k.
9
Let p = -179 - -184. Suppose -3*t + 3 = -12. Calculate the highest common factor of p and t.
5
Let h = -56 + 30. Let x = 71 + h. Let u(t) = 4*t**2 + 465*t + 590. Let c be u(-115). Calculate the greatest common divisor of x and c.
15
Let u = -1065 - -2311. Calculate the highest common divisor of u and 7.
7
Let p = -269 - -281. Let l(i) = 4*i + 7*i + 1 + 3 + i**2. Let n be l(-11). Calculate the highest common factor of n and p.
4
Suppose -27*p + 78 = -26*p. Calculate the highest common divisor of 6 and p.
6
Suppose -2*y - 2*s = y - 2327, -3*y = -4*s - 2321. Let k be (6/(-5))/((-93)/y). What is the highest common factor of k and 8?
2
Let v be ((-21)/6 + 2)/(132/(-76472)). Calculate the greatest common divisor of 79 and v.
79
Suppose -232 = -3*p - 64. Suppose 0 = -4*g + 6*g - 42. Suppose -g = -m - 2*m. What is the greatest common divisor of p and m?
7
Suppose 5*y = 4*g + 447, 4*y - 5*g + 132 = 486. Let v = y - 46. Calculate the highest common factor of 15 and v.
15
Suppose 2*i - 265 = -4*g - 3*i, 5*i + 275 = 5*g. Let l = 13 + 2. Calculate the highest common divisor of l and g.
15
Suppose 4*g = 3*z + 769, g - 12*z - 216 = -16*z. What is the highest common divisor of 154 and g?
14
Let y be ((-160)/70)/((-4)/14). Suppose -y*g = -15*g + 63. Calculate the highest common divisor of g and 72.
9
Let p be (6/(-3) + 11)/1. Let d = -79 - -23. Let x = d - -83. What is the greatest common divisor of p and x?
9
Let k(s) = s**3 + 11*s**2 + s + 15. Let g be k(-11). Let x = g + -5. Let w be (x/(-2))/(12/24). Calculate the highest common factor of w and 11.
1
Suppose -55 = -0*v - v. Let u(w) = -3*w + 21*w**2 + 3 - 15*w**2 + w**3 - 10. Let t be u(-6). What is the greatest common divisor of v and t?
11
Let m(w) = 3*w**2 - 71*w - 8. Let y be m(26). What is the highest common factor of y and 609?
87
Let u be (-12)/(-8) + (-5)/(-2). Suppose -13*n + 2057 = u*n. Calculate the highest common factor of n and 11.
11
Suppose 0 = 5*q + 2*q - 21. Let c be 37/q + (-30)/(-45). What is the highest common divisor of 143 and c?
13
Suppose -218*h - 36 = -230*h. Calculate the greatest common factor of 1 and h.
1
Suppose -3*u + u - 248 = 5*x, -132 = 3*x - 3*u. Let o be x/((5 - 4)/(-1)). Calculate the highest common divisor of 24 and o.
24
Let h be (22/(-8))/(4/(-32)). Suppose 0 = -h*a + 18*a + 280. Calculate the greatest common factor of a and 14.
14
Let i(u) = -67*u - 6. Let g be i(-3). Suppose 5*f + h - 308 - 41 = 0, -g = -3*f + 3*h. Calculate the greatest common divisor of 23 and f.
23
Suppose -3*a - 13 = -2*l, 4*l - 5*a - 17 = 3*l. Suppose -6 = -0*m + l*m. Let z be 15/(-9)*(-30 + m). Calculate the highest common divisor of 11 and z.
11
Suppose -8*l = 1364 - 2164. Calculate the greatest common factor of l and 60.
20
Suppose 0 = -4*m + a + 383, 2*m - 4*a = 5*m - 292. Calculate the greatest common divisor of m and 12.
12
Suppose 7*s = 53 - 11. Suppose s*z - 616 = 2*z. Let k(w) = 3*w + 2. Let l be k(4). What is the highest common factor of z and l?
14
Suppose -i + 96 = 4*s, 0*s + 254 = 3*i - 5*s. Calculate the greatest common divisor of i and 22.
22
Suppose 40 = 3*b - 38. Suppose 8*v - 175 = 137. Calculate the highest common divisor of v and b.
13
Let t be -2 + (-33)/(-1) - (15 + -12). Let o be ((-24)/(-21))/2*t. Calculate the highest common divisor of o and 80.
16
Suppose -3*t + 3*s + 9 = 0, 2*t + 0*s - 5*s - 3 = 0. Suppose -9*m = -142 + 106. What is the greatest common divisor of t and m?
4
Let r be (0/2 + 0)/1. Suppose -2*g - g - 12 = r. Let c be (-162)/g + (-4)/8. What is the greatest common factor of c and 16?
8
Let v = -72 - -82. Calculate the highest common divisor of 160 and v.
10
Suppose s - 1494 = -3*u, 3*s - 11*u = -12*u + 4450. What is the highest common divisor of 57 and s?
57
Suppose -6*b + 113 = -43. What is the greatest common factor of 130 and b?
26
Let k(t) = -t**2 - 82*t - 296. Let m be k(-54). What is the highest common factor of m and 38?
38
Let i = -1887 + 2286. What is the greatest common factor of i and 171?
57
Let t be -5 - 22*7/(-14). Calculate the greatest common divisor of t and 48.
6
Let y = 1070 + -744. Suppose -107 = a - y. Suppose 5*u = 4*w - 3*w + a, -4*w + 136 = 3*u. What is the greatest common factor of 11 and u?
11
Let j = -13 - -18. Suppose u = 6 - j. What is the highest common divisor of u and 5?
1
Let b = 1347 - 1349. Let n(j) = -5*j - 10*j - 2*j. Let f be n(b). What is the greatest common divisor of 85 and f?
17
Suppose 5*n + 25 = 95. Let h(u) = 23*u - 1171. Let z be h(57). Calculate the greatest common divisor of z and n.
14
Suppose -8*s + 85 + 75 = 0. What is the highest common factor of 125 and s?
5
Suppose -2*n + 0*o = 5*o - 196, -n + 3*o = -120. Let b(g) = 2*g**2 - 3*g + 4. Let v be b(-3). Let c = n - v. What is the greatest common factor of c and 11?
11
Let n = 11 + 4. Suppose n = 3*g - 2*g - 4*c, 3*g - c = 78. Calculate the greatest common divisor of g and 36.
9
Let q(j) = -j + 8. Let o be q(15). Let w(t) = -11*t - 2. Let n be w(o). Suppose 3*i - n = -2*i. What is the greatest common factor of i and 75?
15
Let t be 11 + -1 - (3 + -3). Suppose -159 - 21 = -2*o. Calculate the greatest common factor of t and o.
10
Suppose -5*v + 2*x = -358, -43*v + 41*v = 4*x - 124. Suppose -5*g = -7*g + 28. What is the greatest common divisor of g and v?
14
Let a = 21 + -7. Let y(w) = w - 1. Let b(n) = -n**2 - 11*n + 9. Let p(c) = -b(c) - 3*y(c). Let o be p(-10). What is the highest common divisor of o and a?
14
Suppose 27*n - 28*n + 893 = 0. What is the greatest common factor of n and 47?
47
Let u = -603 - -737. What is the highest common factor of 335 and u?
67
Let l be -7 - (3/1 + -7). Let j(d) = -9*d**3 - d**2 + d + 1. Let s be j(l). What is the highest common divisor of s and 29?
29
Let w(n) = 5*n**2 + 7 + n - 8 - 3 + n**3. Let h be w(-4). Suppose -5*b = -3*b + 6, 3*c = -b + 261. What is the greatest common divisor of c and h?
8
Suppose 0 = -5*p + 10, 4*p = -12*o + 10*o + 1756. What is the highest common factor of o and 38?
38
Suppose 2400 - 420 = 30*p. What is the highest common factor of p and 44?
22
Suppose u + 72*p - 22 = 76*p, 0 = 2*p - 2. What is the highest common factor of u and 1?
1
Let k(p) = -p**2 + 3*p + 423. Let c be k(-18). Calculate the greatest common factor of 180 and c.
45
Let a be (0 - -9)*7/(42/4). Calculate the highest common factor of a and 1434.
6
Let r = 470 - 254. Let i = 239 + -215. What is the highest common divisor of r and i?
24
Let r = -4639 + 4669. Suppose -2*a - 8 + 0 = 0. Let m be ((-6)/(-1))/(a/(-10)). Calculate the greatest common factor of m and r.
15
Suppose 9 = -2*u + 5*u. Suppose -u*a = -5*a + 62. What is the highest common divisor of 31 and a?
31
Let f be -5 + ((-4)/1)/(-2). Let b = f + 7. Suppose 0 = w + 5*q - 3 - b, -q + 47 = 4*w. What is the greatest common divisor of w and 12?
12
Let v be (-113)/(-4 - (-9)/3). Suppose 5*p - 157 = v. Calculate the greatest common factor of p and 18.
18
Let g = -15 + 16. Let o be g + (10 - (-12)/(-4)). Calculate the highest common divisor of o and 56.
8
Let t(i) = 17*i + 377. Let j be t(-21). What is the highest common divisor of 1620 and j?
20
Suppose -18*z - 258 = -2*y - 16*z, -2*y + 3*z = -262. Calculate the greatest common factor of y and 75.
25
Let w be 530/20 + -3 + 1 + 10/4. Suppose -2*b = b - 6. Suppose -b*u + 124 = -4*v, -u + 0*v + 42 = 3*v. What is the greatest common divisor of u and w?
27
Let k be ((-6 - -4) + -1)*2/3. Let w be 1/7 - ((-880)/(-7))/k. Calculate the highest common divisor of w and 9.
9
Let y(m) = m - 5. Let s(w) = 1. Let f(o) = -4*s(o) + y(o). Let c be f(17). Calculate the greatest common factor of 88 and c.
8
Suppose 52 - 189 = -19*g + 53. Suppose -5*v + 387 = -63. What is the greatest common divisor of v and g?
10
Suppose -3*m + 2*m = -3*a + 65, 4*m = -2*a + 20. Let y = 1163 - 1136. Let x = y - a. Calculate the greatest common factor of x and 14.
7
Let l be -1*(-1)/3 + 10/6. Suppose -58 = -3*k - w + 298, -l*k - 4*w + 224 = 0. What is the highest common factor of 15 and